et z be (44/8 + -3)*2. Let h be 4 - 1 - (31 + -30). Suppose 522 = z*s - h*s. What is the hundreds digit of s?
1
Suppose 420 = w - 15*w. Let h(s) = -s**3 - 28*s**2 + 56*s + 38. What is the tens digit of h(w)?
5
Suppose 17 = -j + 43. Let u = j - 22. Suppose -u*o = -133 - 71. What is the tens digit of o?
5
Let f(i) = -82*i - 136. Let t be f(-6). Suppose 2*s = 2*p + t, p - 555 = -3*s - 3*p. What is the tens digit of s?
8
Suppose 150*k = 146*k + 3*p + 106613, 0 = 2*k - p - 53309. What is the units digit of k?
7
Let m(a) be the first derivative of -3*a**4 - a**3 - 5*a**2/2 - 7*a - 26. What is the hundreds digit of m(-3)?
3
Let b(l) be the first derivative of 10*l - 1/4*l**4 + 6 + 11/3*l**3 - 9/2*l**2. What is the units digit of b(9)?
1
Suppose 2*i + 3*c + 209 = 0, 312 = -3*i - 7*c + 2*c. What is the hundreds digit of 2*9/(-6)*i?
3
Let y = -22807 - -39794. What is the thousands digit of y?
6
Let o(v) = -v**2 - 3*v + 1. Let r be o(-2). Suppose r*f + 354 = -1479. What is the hundreds digit of ((-4)/(-10))/(-2 - f/305)?
1
Let s(g) = -1224*g - 117. What is the units digit of s(-3)?
5
Let y(p) = -6*p - 2. Let x be y(3). Let t = -17 - x. What is the units digit of 4431/28 - (-1)/(-4) - t?
5
Let u = 99 - 93. Let r(y) = 11*y**2 - 6*y + 45. What is the hundreds digit of r(u)?
4
Suppose 0 = -r + 3*r - 7*r. Suppose 3*d + r*d = -d. Suppose -120 = -d*y - 4*y. What is the tens digit of y?
3
Let r = 31632 + -21317. What is the hundreds digit of r?
3
Suppose 5*l - 4*w = 51882, 4*l - 3*w = 56886 - 15379. What is the ten thousands digit of l?
1
What is the tens digit of 0/(-1) + (-18)/(-42) + (-66630)/(-7)?
1
What is the units digit of 2070/(-92)*1008/(-10)?
8
Let f be 705/25 - 14/70. Suppose 2*i - 31*n - 1944 = -f*n, -4*n = 2*i - 1916. What is the hundreds digit of i?
9
Let d = 726 - 723. What is the tens digit of (-16640)/48*(-4 + d/3)?
4
Suppose 31*b + z = 29*b + 33765, z = 2*b - 33775. What is the thousands digit of b?
6
Suppose -4*q + 100661 = 3*w + 26444, 0 = 4*w + 2*q - 98976. What is the tens digit of w?
4
Suppose 6900 = 4*q + q - 4*c, -5*q = -5*c - 6895. Let g be (-10)/15 + q/6. What is the units digit of (-1)/(-2*5/g)?
3
Suppose n + 4*t = 193 + 34, 479 = 2*n + 3*t. Suppose -6*c + 1633 - n = 0. What is the hundreds digit of c?
2
Let t = 3499 - 1639. Let l = 2806 - t. What is the units digit of l?
6
Suppose 10428 = -16*b - 1796. What is the tens digit of b*(-93)/126 + 34/357?
6
Suppose -5*x = -x - 3*d - 19388, 5*d = -x + 4847. What is the units digit of x?
7
Suppose -3*u + 2968 = 4*w, -w + 16 = -u + 1003. Let f = u - 610. What is the hundreds digit of f?
3
Let k = 11180 + -3248. What is the units digit of k?
2
Suppose 7*y - 2*g - 18 = 3*y, 0 = -4*y - 5*g + 11. Suppose -4*s = 3*r - 709 - 1132, 5*s + y*r = 2301. What is the hundreds digit of s?
4
Let j(i) = -2*i**3 - 41*i**2 + 63*i - 14. Let y be j(-22). Suppose 0 = -38*u + y*u - 15946. What is the tens digit of u?
3
Let u(n) = -2*n**3 + 12*n**2 - 2*n + 6. Let t be u(6). Let o be (3 - (-21)/t)*-12. Let y(j) = j**2 - 5*j + 1. What is the units digit of y(o)?
7
Let k = 75678 - 35975. What is the tens digit of k?
0
Suppose 208*p - 50*p = -2446235 + 13033341. What is the thousands digit of p?
7
Suppose -c + 1701 = 2*c. Suppose 0 = -4*g - 3*q + 2333, 0 = 2*g - g + 4*q - c. Suppose 5*o = g - 212. What is the units digit of o?
5
Let w(h) be the first derivative of -h**2 + 55*h + 41. Let i be w(25). Suppose -3*j - 4*l - l = -341, j - i*l - 147 = 0. What is the tens digit of j?
2
Suppose 19 = 4*w - 1. Suppose 3*u + 5*y - 305 = 459, w*u - 2*y = 1294. What is the tens digit of u?
5
Let f(r) = -4*r**3 - 8*r**2 - 13*r - 35. Let k be f(-6). Suppose -1536 = -5*z + c, -2*z + 2*c = -3*c - k. What is the tens digit of z?
0
Let j = -112 - -91. Let s = j - -210. What is the tens digit of s?
8
Let f = -22169 - -33158. Suppose -11*z = 638 - f. What is the tens digit of z?
4
Suppose 4*b + 3824 = 19168. Suppose -3*g + b = -q, 3458 = 3*g - 2*q - 380. What is the thousands digit of g?
1
Let n = -94 + 100. What is the tens digit of 4 + 22/(-6) + 1108/n?
8
Suppose 13*y - 78*i = -81*i + 211788, 2*y - 32558 = -4*i. What is the units digit of y?
3
Suppose -161*i + 17346 = 2*v - 163*i, 0 = -3*v + 2*i + 26020. What is the hundreds digit of v?
6
Let y = 163 - 114. Suppose 6*d - d = -5*w + 265, -5*w + y = d. Suppose -d - 91 = -f. What is the tens digit of f?
4
Let i(f) = f**3 - f**2 + f - 2. Let p be i(0). Let h be 3 - (-187)/(p + 1). Let n = 308 + h. What is the hundreds digit of n?
1
Let b be -8*((-14)/56)/((-2)/(-4)). Suppose 5*p - 2570 = r, b*r + 1541 = 4*p - 499. What is the hundreds digit of p?
5
Suppose 0 = 2*b - 3*d - 29341, -3*b + 35024 + 8965 = 3*d. What is the units digit of b?
6
Suppose 5*c + 4*a = -39 - 99, 3*a - 9 = 0. Let o be 2846/c - 9/((-405)/(-6)). Let p = o - -218. What is the hundreds digit of p?
1
Let d(t) be the second derivative of 9*t**4/2 + 2*t**3/3 + 5*t**2/2 + 21*t. Let r be d(-2). Let y = 315 - r. What is the units digit of y?
2
What is the tens digit of (-1)/2 + 5/5 + 349245/26?
3
Suppose 19*h = w + 14*h - 10746, 4*h = -8. What is the hundreds digit of w?
7
Let u(s) = 52*s**2 + 96*s + 139. What is the ten thousands digit of u(-16)?
1
Let s = -3044 + 19668. What is the ten thousands digit of s?
1
Suppose 39613 + 23039 = 4*l + 2*p, -4*l + 62648 = 4*p. What is the units digit of l?
4
Let m = 1093 - 1820. Let k = m + 1068. What is the hundreds digit of k?
3
Let t(w) be the first derivative of 4*w**3/3 - 3*w**2/2 + 7*w - 22. Suppose 10 = -5*b - 5. What is the tens digit of t(b)?
5
Let r(i) = 73*i**2 - 174*i - 2162. What is the units digit of r(-12)?
8
Let f(c) = c**2 - c. Let r(l) = 4*l**2 - 12*l + 173. Let k(g) = -5*f(g) + r(g). What is the tens digit of k(0)?
7
Let r(x) = 16*x**3 + 59*x**2 - 747*x + 33. What is the tens digit of r(15)?
0
Let l(y) = -2*y + 39*y**2 + 9 - 2*y + 13. What is the units digit of l(3)?
1
Suppose q - 18712 = 5*q - 62244. What is the tens digit of q?
8
What is the tens digit of -202*(30/(-105) + 3/(-14))?
0
Let g = 39 - 35. Suppose -5*n + 3*y = -35, 0 = -5*n - g*y - 18 + 88. Let d = n - -61. What is the tens digit of d?
7
Let l(m) = m**3 - 17*m**2 - 17*m - 10. Let q be l(18). Suppose -300 = -q*h + 3*h. What is the units digit of h?
0
Let o be (-22*3/6)/(-1). Suppose 2*t + o = r, -2*r + 2*t = -7 - 7. Suppose -2*x - 623 = -r*u - 7*x, -4*x + 1047 = 5*u. What is the hundreds digit of u?
2
Suppose -38*q = -13*q - 138200. What is the hundreds digit of q?
5
Let c(l) = 19*l + 191. Let h be c(-10). Let x(i) = 1375*i + 12. What is the units digit of x(h)?
7
Let u be (-8)/((-102312)/25576 + 4). Suppose -8*o + 31*o = u. What is the tens digit of o?
1
Let v = 124231 + -65489. What is the ten thousands digit of v?
5
Let s(d) = 23*d**3 + 27*d**2 - 206*d - 12. What is the hundreds digit of s(13)?
4
Let l be 18/48 + 614/(-16). Let r = 39 - 69. Let m = r - l. What is the units digit of m?
8
Let k be (3*1 - (9 + -7))*1. Let q(j) = 16*j - 33*j + k - 1 - j**2. What is the tens digit of q(-12)?
6
Let u(s) = -1256*s + 3493. What is the units digit of u(-14)?
7
Let r(t) = 45*t**2 - 323*t - 3. What is the tens digit of r(-25)?
9
Suppose 42*q + 21*q - 106305 = -32*q. What is the tens digit of q?
1
Let k(l) = 31*l - 7. Let b(c) = -c**2 + 5*c + 6. Let i be b(5). Let j be k(i). Suppose 43 = f - j. What is the tens digit of f?
2
Let z = 221 - 89. Suppose 158 + z = 10*g. Suppose -g = -4*v - 13. What is the units digit of v?
4
Suppose 51884 = -6*i + 125146 + 60754. What is the units digit of i?
6
What is the thousands digit of (-3 - -7161)*(-7)/(-7)?
7
Suppose 7*c = -b + 8*c + 16, 4*b - 57 = -3*c. What is the hundreds digit of -3*-2*1085/b?
4
What is the tens digit of ((-29)/4)/((-36)/3312)?
6
Let z(g) = 1993*g + 3624. What is the units digit of z(13)?
3
Suppose 0 = -t - 4*c - 1, 0 = c + 3 - 4. What is the units digit of (t/((-40)/(-316)))/(5/(-40))?
6
Let b = -6679 - -11050. What is the units digit of b?
1
What is the tens digit of ((254590/245)/((-2)/1))/(2/(-14))?
3
Suppose -10*n = 7*n - 31*n - 154. Let b(v) be the second derivative of v**5/20 + v**4 - 4*v**3/3 - 15*v**2/2 - v. What is the tens digit of b(n)?
9
Let a(b) = 557*b**2 - 191*b - 1079. What is the hundreds digit of a(-6)?
1
Let m be (-9)/(-7 + 4) + 0. Let d b